{"id":528,"date":"2025-03-20T14:15:33","date_gmt":"2025-03-20T13:15:33","guid":{"rendered":"https:\/\/xn--sus-hhndorf-gdersdorf-leci.de\/?page_id=528"},"modified":"2025-03-28T17:32:09","modified_gmt":"2025-03-28T16:32:09","slug":"hoehndorfer-darts-open-2025","status":"publish","type":"page","link":"https:\/\/xn--sus-hhndorf-gdersdorf-leci.de\/?page_id=528","title":{"rendered":"1. H\u00f6hndorfer Darts Open 2025"},"content":{"rendered":"<section class=\"fw-main-row \"  >\n\t<div class=\"fw-container\">\n\t\t<div class=\"fw-row\">\n\t<div class=\"fw-col-xs-12\">\n\t<p>Am 14. M\u00e4rz 2025 fanden die H\u00f6hndorfer Darts Open statt. Kurzfristig mussten wir das Turnier von urspr\u00fcnglich geplanten zwei Tagen auf einen Tag k\u00fcrzen. Mit 35 Teilnehmern starteten wir am Freitag um 19:00 Uhr. Es wurde in f\u00fcnf Gruppen zu je sieben Teilnehmern eine Gruppenphase im <strong>Best-of-3-Modus<\/strong> gespielt. Die ersten drei aus jeder Gruppe sowie der beste Gruppenvierte qualifizierten sich f\u00fcr das A-Feld. Alle anderen Teilnehmer kamen ins B-Feld.<\/p><p>Im B-Feld wurde bis zum Finale im gleichen Modus weitergespielt, bevor das Finale im <strong>Best-of-5-Modus<\/strong> ausgetragen wurde. Im A-Feld wurde bereits ab dem Viertelfinale im <strong>Best-of-5-Modus<\/strong> gespielt, bevor das Finale im <strong>Best-of-7-Modus<\/strong> stattfand.<\/p><p>Im B-Feld kam es im Finale zu einem H\u00f6hndorfer Duell. Mike Kweseleit traf auf Frederik Fanter. Letztendlich musste sich Frederik mit 3:0 in diesem Duell geschlagen geben. An dieser Stelle gratulieren wir Mike zum Triumph im B-Feld.<\/p><p>Im A-Feld war das durchschnittliche Niveau sehr hoch, was auch der Gesamtdurchschnitt von knapp \u00fcber 50 Punkten widerspiegelt. Andreas Petereit beeindruckte auf der einen Turnierh\u00e4lfte und zog ohne Legverlust in der K.O.-Phase ins Finale ein. Auf der anderen Seite spielte sich Christoph Mayer gegen starke Gegner ins Finale.<\/p><p>Das Spiel um Platz drei bestritten Lutz Rad\u00fcnzel und Michael Klupsch, wobei Lutz sich mit 3:1 durchsetzen konnte. Im Finale trafen mit Christoph und Andreas die am besten aufspielenden Spieler des Tages aufeinander. In einem spannenden Finale, in dem beide Spieler einen Average von \u00fcber 70 Punkten erzielten, setzte sich schlie\u00dflich Christoph Mayer mit 4:2 durch und gewann die H\u00f6hndorfer Darts Open 2025. Wir gratulieren den platzierten Spielern Christoph Mayer, Andreas Petereit und Lutz Rad\u00fcnzel!<\/p><p>Ein herzlicher Dank geht an unseren Sponsor, \u201eIhr Dienstleister f\u00fcr Haus-, Bau- und Garten\u201c. Dank unseres Partners konnten wir ein h\u00f6heres Preisgeld ausschreiben und dieses Turnier ausrichten.<\/p><p>Au\u00dferdem m\u00f6chten wir den flei\u00dfigen Helfern und allen Teilnehmern danken, die zum Erfolg dieses Turniers beigetragen haben!<\/p><p>Eure H\u00f6hndorfer Bull\u2019s Eyes<\/p><\/div>\n<\/div>\n\n<div class=\"fw-row\">\n\t<div class=\"fw-col-xs-12\">\n\t<img loading=\"lazy\" decoding=\"async\" src=\"https:\/\/xn--sus-hhndorf-gdersdorf-leci.de\/wp-content\/uploads\/2025\/03\/WhatsApp-Image-2025-03-15-at-02.32.46-500x400.jpeg\" alt=\"Dart Bild\" width=\"500\" height=\"400\" \/><\/div>\n<\/div>\n\n\t<\/div>\n<\/section>\n\n","protected":false},"excerpt":{"rendered":"<p>Am 14. M\u00e4rz 2025 fanden die H\u00f6hndorfer Darts Open statt. Kurzfristig mussten wir das Turnier von urspr\u00fcnglich geplanten zwei Tagen auf einen Tag k\u00fcrzen. Mit 35 Teilnehmern starteten wir am Freitag um 19:00 Uhr. Es wurde in f\u00fcnf Gruppen zu je sieben Teilnehmern eine Gruppenphase im Best-of-3-Modus gespielt. Die ersten drei aus jeder Gruppe sowie [&hellip;]<\/p>\n","protected":false},"author":1,"featured_media":0,"parent":0,"menu_order":0,"comment_status":"closed","ping_status":"closed","template":"","meta":{"om_disable_all_campaigns":false,"_monsterinsights_skip_tracking":false,"_monsterinsights_sitenote_active":false,"_monsterinsights_sitenote_note":"","_monsterinsights_sitenote_category":0,"footnotes":""},"aioseo_notices":[],"_links":{"self":[{"href":"https:\/\/xn--sus-hhndorf-gdersdorf-leci.de\/index.php?rest_route=\/wp\/v2\/pages\/528"}],"collection":[{"href":"https:\/\/xn--sus-hhndorf-gdersdorf-leci.de\/index.php?rest_route=\/wp\/v2\/pages"}],"about":[{"href":"https:\/\/xn--sus-hhndorf-gdersdorf-leci.de\/index.php?rest_route=\/wp\/v2\/types\/page"}],"author":[{"embeddable":true,"href":"https:\/\/xn--sus-hhndorf-gdersdorf-leci.de\/index.php?rest_route=\/wp\/v2\/users\/1"}],"replies":[{"embeddable":true,"href":"https:\/\/xn--sus-hhndorf-gdersdorf-leci.de\/index.php?rest_route=%2Fwp%2Fv2%2Fcomments&post=528"}],"version-history":[{"count":3,"href":"https:\/\/xn--sus-hhndorf-gdersdorf-leci.de\/index.php?rest_route=\/wp\/v2\/pages\/528\/revisions"}],"predecessor-version":[{"id":541,"href":"https:\/\/xn--sus-hhndorf-gdersdorf-leci.de\/index.php?rest_route=\/wp\/v2\/pages\/528\/revisions\/541"}],"wp:attachment":[{"href":"https:\/\/xn--sus-hhndorf-gdersdorf-leci.de\/index.php?rest_route=%2Fwp%2Fv2%2Fmedia&parent=528"}],"curies":[{"name":"wp","href":"https:\/\/api.w.org\/{rel}","templated":true}]}}