{"id":372,"date":"2025-01-03T10:24:32","date_gmt":"2025-01-03T09:24:32","guid":{"rendered":"https:\/\/xn--sus-hhndorf-gdersdorf-leci.de\/?page_id=372"},"modified":"2025-12-12T13:33:44","modified_gmt":"2025-12-12T12:33:44","slug":"yoga","status":"publish","type":"page","link":"https:\/\/xn--sus-hhndorf-gdersdorf-leci.de\/?page_id=372","title":{"rendered":"Yoga"},"content":{"rendered":"<section class=\"fw-main-row \"  >\n\t<div class=\"fw-container\">\n\t\t<div class=\"fw-row\">\n\t<div class=\"fw-col-xs-12\">\n\t<p>Wir bieten Yoga f\u00fcr Senioren an. Unter der Leitung einer ausgebildeten Yoga-Trainerin haben die Teilnehmer hier die M\u00f6glichkeit zur seniorengerechten Bewegung und Entspannung.<br \/><br \/>Schaut gerne zu den entsprechenden Trainingszeiten spontan f\u00fcr eine Probestunde vorbei oder meldet euch vorab bei der Yoga-Spartenleiterin an.<br \/><br \/>Wir freuen uns auf Euch!<\/p><\/div>\n<\/div>\n\n<div class=\"fw-row\">\n\t<div class=\"fw-col-xs-12\">\n\t<img loading=\"lazy\" decoding=\"async\" src=\"https:\/\/xn--sus-hhndorf-gdersdorf-leci.de\/wp-content\/uploads\/2025\/12\/Yoga-Kurs-Flyer-1-350x500.png\" alt=\"https:\/\/xn--sus-hhndorf-gdersdorf-leci.de\/wp-content\/uploads\/2025\/12\/Yoga-Kurs-Flyer-1-350x500.png\" width=\"350\" height=\"500\" \/><\/div>\n<\/div>\n\n\t<\/div>\n<\/section>\n\n","protected":false},"excerpt":{"rendered":"<p>Wir bieten Yoga f\u00fcr Senioren an. Unter der Leitung einer ausgebildeten Yoga-Trainerin haben die Teilnehmer hier die M\u00f6glichkeit zur seniorengerechten Bewegung und Entspannung.Schaut gerne zu den entsprechenden Trainingszeiten spontan f\u00fcr eine Probestunde vorbei oder meldet euch vorab bei der Yoga-Spartenleiterin an.Wir freuen uns auf Euch!<\/p>\n","protected":false},"author":1,"featured_media":0,"parent":0,"menu_order":0,"comment_status":"closed","ping_status":"closed","template":"","meta":{"om_disable_all_campaigns":false,"_monsterinsights_skip_tracking":false,"_monsterinsights_sitenote_active":false,"_monsterinsights_sitenote_note":"","_monsterinsights_sitenote_category":0,"footnotes":""},"aioseo_notices":[],"_links":{"self":[{"href":"https:\/\/xn--sus-hhndorf-gdersdorf-leci.de\/index.php?rest_route=\/wp\/v2\/pages\/372"}],"collection":[{"href":"https:\/\/xn--sus-hhndorf-gdersdorf-leci.de\/index.php?rest_route=\/wp\/v2\/pages"}],"about":[{"href":"https:\/\/xn--sus-hhndorf-gdersdorf-leci.de\/index.php?rest_route=\/wp\/v2\/types\/page"}],"author":[{"embeddable":true,"href":"https:\/\/xn--sus-hhndorf-gdersdorf-leci.de\/index.php?rest_route=\/wp\/v2\/users\/1"}],"replies":[{"embeddable":true,"href":"https:\/\/xn--sus-hhndorf-gdersdorf-leci.de\/index.php?rest_route=%2Fwp%2Fv2%2Fcomments&post=372"}],"version-history":[{"count":6,"href":"https:\/\/xn--sus-hhndorf-gdersdorf-leci.de\/index.php?rest_route=\/wp\/v2\/pages\/372\/revisions"}],"predecessor-version":[{"id":857,"href":"https:\/\/xn--sus-hhndorf-gdersdorf-leci.de\/index.php?rest_route=\/wp\/v2\/pages\/372\/revisions\/857"}],"wp:attachment":[{"href":"https:\/\/xn--sus-hhndorf-gdersdorf-leci.de\/index.php?rest_route=%2Fwp%2Fv2%2Fmedia&parent=372"}],"curies":[{"name":"wp","href":"https:\/\/api.w.org\/{rel}","templated":true}]}}