{"id":340,"date":"2024-04-24T15:00:24","date_gmt":"2024-04-24T13:00:24","guid":{"rendered":"https:\/\/xn--sus-hhndorf-gdersdorf-leci.de\/?page_id=340"},"modified":"2025-03-28T17:28:20","modified_gmt":"2025-03-28T16:28:20","slug":"turnierbericht-16-02-2024","status":"publish","type":"page","link":"https:\/\/xn--sus-hhndorf-gdersdorf-leci.de\/?page_id=340","title":{"rendered":"1. Dartturnier H\u00f6hndorfer Bull\u2019s Eyes 16.02.2024"},"content":{"rendered":"<section class=\"fw-main-row \"  >\n\t<div class=\"fw-container\">\n\t\t<div class=\"fw-row\">\n\t<div class=\"fw-col-xs-12\">\n\t<p>Am Freitag, den 16.02.2024 veranstalteten wir unser erstes Turnier in diesem Jahr bei uns in H\u00f6hndorf. Um 18 Uhr starteten wir die Gruppenphase mit 5 Gruppen \u00e0 7 Spieler\/innen. Nach ca. 3 1\/2 Stunden qualifizierten sich die besten 3 aus der Gruppe und der beste vierte aller Gruppen f\u00fcr die K.O Phase. Nach zum Teil hochklassigen und spannenden Spielen, fand das Spiel um Platz 3 und das Finale statt. Im Spiel um Platz 3 kam es zu einem internen Vereinsduell aus H\u00f6hndorf. Aaron Ullrich traf auf Nils Stoltenberg. Nach einem spannenden Spiel konnte Nils das Spiel zu seinen Gunsten entscheiden. Im Finale standen sich Kevin Bock und Cedrik Sch\u00fcmann gegen\u00fcber. Beide Spieler bewiesen, dass sie v\u00f6llig zurecht im Finale standen. Am Ende des Tages konnte Cedrik sich den Turniersieg sichern. Wir gratulieren Cedrik Sch\u00fcmann und bedanken uns bei allen Teilnehmer\/innen!<\/p><p>&nbsp;<\/p><p>Wir freuen uns, dass wir vom Anf\u00e4nger bis zum fortgeschrittenen Dartspieler ein Dartturnier ausrichten konnten, wo jeder seinen Spa\u00df hatte<strong>!<\/strong><\/p><\/div>\n<\/div>\n\n<div class=\"fw-row\">\n\t<div class=\"fw-col-xs-12\">\n\t<img loading=\"lazy\" decoding=\"async\" src=\"https:\/\/xn--sus-hhndorf-gdersdorf-leci.de\/wp-content\/uploads\/2024\/04\/Dartturnier-16.02.2024-500x707.png\" alt=\"Dartturnier 16.02.2024\" width=\"500\" height=\"707\" \/><\/div>\n<\/div>\n\n\t<\/div>\n<\/section>\n\n","protected":false},"excerpt":{"rendered":"<p>Am Freitag, den 16.02.2024 veranstalteten wir unser erstes Turnier in diesem Jahr bei uns in H\u00f6hndorf. Um 18 Uhr starteten wir die Gruppenphase mit 5 Gruppen \u00e0 7 Spieler\/innen. Nach ca. 3 1\/2 Stunden qualifizierten sich die besten 3 aus der Gruppe und der beste vierte aller Gruppen f\u00fcr die K.O Phase. Nach zum Teil [&hellip;]<\/p>\n","protected":false},"author":1,"featured_media":0,"parent":0,"menu_order":0,"comment_status":"closed","ping_status":"closed","template":"","meta":{"om_disable_all_campaigns":false,"_monsterinsights_skip_tracking":false,"_monsterinsights_sitenote_active":false,"_monsterinsights_sitenote_note":"","_monsterinsights_sitenote_category":0,"footnotes":""},"aioseo_notices":[],"_links":{"self":[{"href":"https:\/\/xn--sus-hhndorf-gdersdorf-leci.de\/index.php?rest_route=\/wp\/v2\/pages\/340"}],"collection":[{"href":"https:\/\/xn--sus-hhndorf-gdersdorf-leci.de\/index.php?rest_route=\/wp\/v2\/pages"}],"about":[{"href":"https:\/\/xn--sus-hhndorf-gdersdorf-leci.de\/index.php?rest_route=\/wp\/v2\/types\/page"}],"author":[{"embeddable":true,"href":"https:\/\/xn--sus-hhndorf-gdersdorf-leci.de\/index.php?rest_route=\/wp\/v2\/users\/1"}],"replies":[{"embeddable":true,"href":"https:\/\/xn--sus-hhndorf-gdersdorf-leci.de\/index.php?rest_route=%2Fwp%2Fv2%2Fcomments&post=340"}],"version-history":[{"count":2,"href":"https:\/\/xn--sus-hhndorf-gdersdorf-leci.de\/index.php?rest_route=\/wp\/v2\/pages\/340\/revisions"}],"predecessor-version":[{"id":343,"href":"https:\/\/xn--sus-hhndorf-gdersdorf-leci.de\/index.php?rest_route=\/wp\/v2\/pages\/340\/revisions\/343"}],"wp:attachment":[{"href":"https:\/\/xn--sus-hhndorf-gdersdorf-leci.de\/index.php?rest_route=%2Fwp%2Fv2%2Fmedia&parent=340"}],"curies":[{"name":"wp","href":"https:\/\/api.w.org\/{rel}","templated":true}]}}