{"id":2,"date":"2019-07-10T10:48:48","date_gmt":"2019-07-10T10:48:48","guid":{"rendered":"https:\/\/xn--sus-hhndorf-gdersdorf-leci.de\/?page_id=2"},"modified":"2026-03-23T17:41:18","modified_gmt":"2026-03-23T16:41:18","slug":"home","status":"publish","type":"page","link":"https:\/\/xn--sus-hhndorf-gdersdorf-leci.de\/","title":{"rendered":"Spiel und Sportverein H\u00f6hndorf G\u00f6dersdorf e.V."},"content":{"rendered":"<p><section class=\"fw-main-row \"  >\n\t<div class=\"fw-container\">\n\t\t<div class=\"fw-row\">\n\t<div class=\"fw-col-xs-12\">\n\t<p style=\"text-align: left;\"><strong>Willkommen beim Spiel und Sportverein H\u00f6hndorf G\u00f6dersdorf e.V.! <\/strong><\/p><p style=\"text-align: left;\"><strong>Wir sind ein junger Sportverein, der im Februar 2022 gegr\u00fcndet wurde. Unser Ziel ist es, Menschen jeder Altersgruppe in unserer Region f\u00fcr den Sport zu begeistern und eine Gemeinschaft aufzubauen.<\/strong><\/p><p style=\"text-align: left;\"><strong>Zurzeit haben wir eine erfolgreiche Dart-Sparte, die bereits mit zwei Mannschaften am Ligabetrieb teilnimmt. Wir freuen uns jedoch immer \u00fcber neue Mitspieler und Dartbegeisterte, die uns unterst\u00fctzen m\u00f6chten. Des Weiteren bieten wir in unserer Yoga-Sparte unter Anweisung einer Yoga-Lehrerin ein seniorengerechtes Yoga an.<\/strong><\/p><p style=\"text-align: left;\"><strong>Wir sind st\u00e4ndig bestrebt, unser Angebot zu erweitern und unseren Verein weiterzuentwickeln. Aktuell arbeiten wir an der Gr\u00fcndung neuer Sparten, insbesondere f\u00fcr Kinder. Hierf\u00fcr suchen wir engagierte \u00dcbungsleiter, die uns bei der Umsetzung unserer Pl\u00e4ne unterst\u00fctzen.<\/strong><\/p><p style=\"text-align: left;\"><strong>Auch abseits des Sports sind wir in unserer Gemeinde aktiv und organisieren jedes Jahr das beliebte Ostereiersammeln f\u00fcr unsere Kinder sowie regelm\u00e4\u00dfige Bingo-Abende f\u00fcr unsere Mitglieder.<\/strong><\/p><p style=\"text-align: left;\"><strong>Besuchen Sie gerne unsere Homepage, um mehr \u00fcber uns und unsere Aktivit\u00e4ten zu erfahren. Wir freuen uns auf Ihren Besuch und darauf, Sie bei uns begr\u00fc\u00dfen zu d\u00fcrfen!<\/strong><\/p><\/div>\n<\/div>\n\n<div class=\"fw-row\">\n\t<div class=\"fw-col-xs-12\">\n\t\n\n<div data-extends-ajax-params=\"{&quot;events_category&quot;:&quot;&quot;,&quot;data_provider&quot;:&quot;events&quot;}\" data-ajax-url=\"https:\/\/xn--sus-hhndorf-gdersdorf-leci.de\/wp-admin\/admin-ajax.php\" data-template=\"month\" data-template-path=\"https:\/\/xn--sus-hhndorf-gdersdorf-leci.de\/wp-content\/plugins\/unyson\/framework\/extensions\/shortcodes\/shortcodes\/calendar\/views\/\" data-first-day=\"1\" class=\" fw-shortcode-calendar-wrapper shortcode-container\" >\n\n\t<div class=\"clearfix\"><\/div>\n\t<div class=\"page-header hidden-header\">\n\n\t<div class=\"pull-right form-inline\">\n\t\t<div class=\"btn-group\">\n\t\t\t<button data-calendar-nav=\"prev\"><i class=\"fa fa-angle-left\"><\/i><\/button>\n\t\t\t<button data-calendar-nav=\"today\">Today<\/button>\n\t\t\t<button data-calendar-nav=\"next\"><i class=\"fa fa-angle-right\"><\/i><\/button>\n\t\t<\/div>\n\t<\/div>\n\n\t<h3><!-- Here will be set the title --><\/h3>\n\n\t<\/div>\n\n\t<div class=\"row\">\n\t\t<div class=\"col-xs-12 col-lg-12 col-xl-12 col-sm-12\">\n\t\t\t<div class=\"fw-shortcode-calendar\"><\/div>\n\t\t<\/div>\n\t<\/div>\n\n<\/div>\n<\/div>\n<\/div>\n\n\t<\/div>\n<\/section>\n<section class=\"fw-main-row \"  >\n\t<div class=\"fw-container\">\n\t\t<div class=\"fw-row\">\n\t<div class=\"fw-col-xs-12 fw-col-sm-4\">\n\t<div class=\"fw-iconbox clearfix fw-iconbox-1\">\n\t<div class=\"fw-iconbox-image\">\n\t\t<i class=\"fa fa-adn\"><\/i>\n\t<\/div>\n\t<div class=\"fw-iconbox-aside\">\n\t\t<div class=\"fw-iconbox-title\">\n\t\t\t<h3><\/h3>\n\t\t<\/div>\n\t\t<div class=\"fw-iconbox-text\">\n\t\t\t<p><\/p>\n\t\t<\/div>\n\t<\/div>\n<\/div><\/div>\n<div class=\"fw-col-xs-12 fw-col-sm-4\">\n\t<div class=\"fw-iconbox clearfix fw-iconbox-1\">\n\t<div class=\"fw-iconbox-image\">\n\t\t<i class=\"fa fa-angellist\"><\/i>\n\t<\/div>\n\t<div class=\"fw-iconbox-aside\">\n\t\t<div class=\"fw-iconbox-title\">\n\t\t\t<h3><\/h3>\n\t\t<\/div>\n\t\t<div class=\"fw-iconbox-text\">\n\t\t\t<p><\/p>\n\t\t<\/div>\n\t<\/div>\n<\/div><\/div>\n<div class=\"fw-col-xs-12 fw-col-sm-4\">\n\t<div class=\"fw-iconbox clearfix fw-iconbox-1\">\n\t<div class=\"fw-iconbox-image\">\n\t\t<i class=\"fa fa-adn\"><\/i>\n\t<\/div>\n\t<div class=\"fw-iconbox-aside\">\n\t\t<div class=\"fw-iconbox-title\">\n\t\t\t<h3><\/h3>\n\t\t<\/div>\n\t\t<div class=\"fw-iconbox-text\">\n\t\t\t<p><\/p>\n\t\t<\/div>\n\t<\/div>\n<\/div><\/div>\n<\/div>\n\n\t<\/div>\n<\/section>\n<section class=\"fw-main-row \"  >\n\t<div class=\"fw-container\">\n\t\t<div class=\"fw-row\">\n\t<div class=\"fw-col-xs-12 fw-col-sm-4\">\n\t<div class=\"fw-iconbox-title\"><h3>N\u00e4chste Veranstaltung<\/h3><\/div><div class=\"fw-iconbox-text\"><p>25.03.2026 <a href=\"https:\/\/xn--sus-hhndorf-gdersdorf-leci.de\/?fw-event=jahreshauptversammlung-2026-2\">Jahreshauptversammlung 2026<\/a><\/p><\/div><\/div>\n<div class=\"fw-col-xs-12 fw-col-sm-4\">\n\t<div class=\"fw-iconbox-title\"><div class=\"fw-iconbox-title\"><h3><a title=\"\u00dcber uns\" href=\"https:\/\/xn--sus-hhndorf-gdersdorf-leci.de\/?page_id=123\">Der SUS<\/a><br \/>Der SUS stellt sich vor<\/h3><\/div><\/div><\/div>\n<div class=\"fw-col-xs-12 fw-col-sm-4\">\n\t<div class=\"fw-iconbox-title\"><div class=\"fw-iconbox-title\"><h3><a title=\"Mitgliedsantrag\" href=\"https:\/\/xn--sus-hhndorf-gdersdorf-leci.de\/?page_id=204\">Werde auch DU Mitglied beim Spiel- u. Sportverein H\u00f6hendorf \/ G\u00f6dersdorf e.V<\/a><\/h3><\/div><div class=\"fw-iconbox-text\"><p>Mitgliedsantrag<\/p><\/div><\/div><\/div>\n<\/div>\n\n<div class=\"fw-row\">\n\t<div class=\"fw-col-xs-12 fw-col-sm-6\">\n\t<\/div>\n<div class=\"fw-col-xs-12 fw-col-sm-6\">\n\t<\/div>\n<\/div>\n\n<div class=\"fw-row\">\n\t<div class=\"fw-col-xs-12\">\n\t<\/div>\n<\/div>\n\n\t<\/div>\n<\/section>\n<\/p>\n","protected":false},"excerpt":{"rendered":"<p>Willkommen beim Spiel und Sportverein H\u00f6hndorf G\u00f6dersdorf e.V.! Wir sind ein junger Sportverein, der im Februar 2022 gegr\u00fcndet wurde. Unser Ziel ist es, Menschen jeder Altersgruppe in unserer Region f\u00fcr den Sport zu begeistern und eine Gemeinschaft aufzubauen.Zurzeit haben wir eine erfolgreiche Dart-Sparte, die bereits mit zwei Mannschaften am Ligabetrieb teilnimmt. Wir freuen uns jedoch [&hellip;]<\/p>\n","protected":false},"author":1,"featured_media":0,"parent":0,"menu_order":0,"comment_status":"open","ping_status":"open","template":"","meta":{"om_disable_all_campaigns":false,"_monsterinsights_skip_tracking":false,"_monsterinsights_sitenote_active":false,"_monsterinsights_sitenote_note":"","_monsterinsights_sitenote_category":0,"footnotes":""},"aioseo_notices":[],"_links":{"self":[{"href":"https:\/\/xn--sus-hhndorf-gdersdorf-leci.de\/index.php?rest_route=\/wp\/v2\/pages\/2"}],"collection":[{"href":"https:\/\/xn--sus-hhndorf-gdersdorf-leci.de\/index.php?rest_route=\/wp\/v2\/pages"}],"about":[{"href":"https:\/\/xn--sus-hhndorf-gdersdorf-leci.de\/index.php?rest_route=\/wp\/v2\/types\/page"}],"author":[{"embeddable":true,"href":"https:\/\/xn--sus-hhndorf-gdersdorf-leci.de\/index.php?rest_route=\/wp\/v2\/users\/1"}],"replies":[{"embeddable":true,"href":"https:\/\/xn--sus-hhndorf-gdersdorf-leci.de\/index.php?rest_route=%2Fwp%2Fv2%2Fcomments&post=2"}],"version-history":[{"count":51,"href":"https:\/\/xn--sus-hhndorf-gdersdorf-leci.de\/index.php?rest_route=\/wp\/v2\/pages\/2\/revisions"}],"predecessor-version":[{"id":1087,"href":"https:\/\/xn--sus-hhndorf-gdersdorf-leci.de\/index.php?rest_route=\/wp\/v2\/pages\/2\/revisions\/1087"}],"wp:attachment":[{"href":"https:\/\/xn--sus-hhndorf-gdersdorf-leci.de\/index.php?rest_route=%2Fwp%2Fv2%2Fmedia&parent=2"}],"curies":[{"name":"wp","href":"https:\/\/api.w.org\/{rel}","templated":true}]}}