{"id":146,"date":"2023-02-19T21:28:07","date_gmt":"2023-02-19T20:28:07","guid":{"rendered":"https:\/\/xn--sus-hhndorf-gdersdorf-leci.de\/?page_id=146"},"modified":"2026-03-23T17:46:42","modified_gmt":"2026-03-23T16:46:42","slug":"sponsoren","status":"publish","type":"page","link":"https:\/\/xn--sus-hhndorf-gdersdorf-leci.de\/?page_id=146","title":{"rendered":"Sponsoren, unsere starken Partner"},"content":{"rendered":"<section class=\"fw-main-row \"  >\n\t<div class=\"fw-container\">\n\t\t<div class=\"fw-row\">\n\t<div class=\"fw-col-xs-12\">\n\t<a href=\"https:\/\/hundkatzeschmaus.com\" target=\"_blank\" ><img loading=\"lazy\" decoding=\"async\" src=\"https:\/\/xn--sus-hhndorf-gdersdorf-leci.de\/wp-content\/uploads\/2024\/03\/youtube-Webseitenverlinkung-Logo-Kopie-3-420x300.png\" alt=\"HundKatzeSchmaus Logo\" width=\"420\" height=\"300\" \/><\/a><\/div>\n<\/div>\n\n<div class=\"fw-row\">\n\t<div class=\"fw-col-xs-12\">\n\t<h2><a href=\"https:\/\/hundkatzeschmaus.com\" target=\"_blank\" rel=\"noopener\"><strong>HundKatzeSchmaus ist Spezialistin f\u00fcr artgerechte Tiernahrung in Schwartbuck<\/strong><\/a><\/h2><p>Wir beraten Hunde- und Katzenbesitzer zum Thema Futter. Denn leider wird in der Futtermittelbranche viel zu viel Schindluder getrieben. Und dies auf Kosten der Gesundheit unserer geliebten Vierbeiner. Dies wollen wir durch artgerechtes und hochwertiges Hunde- und Katzenfutter \u00e4ndern.<\/p><p>HundKatzeSchmaus<\/p><p>Birkenweg 4<\/p><p>24257 Schwartbuck<\/p><p><a href=\"https:\/\/hundkatzeschmaus.com\" target=\"_blank\" rel=\"noopener\">HundKatzeSchmaus.com<\/a><\/p><\/div>\n<\/div>\n\n<div class=\"fw-row\">\n\t<div class=\"fw-col-xs-12\">\n\t\n\t<div class=\"fw-divider-space\" style=\"padding-top: 50px;\"><\/div>\n<\/div>\n<\/div>\n\n<div class=\"fw-row\">\n\t<div class=\"fw-col-xs-12\">\n\t<a href=\"https:\/\/www.dudda-autoteile.de\/\" target=\"_blank\" ><img loading=\"lazy\" decoding=\"async\" src=\"https:\/\/xn--sus-hhndorf-gdersdorf-leci.de\/wp-content\/uploads\/2024\/03\/Dudda-Autoteile-600x150.png\" alt=\"Dudda\" width=\"600\" height=\"150\" \/><\/a><\/div>\n<\/div>\n\n<div class=\"fw-row\">\n\t<div class=\"fw-col-xs-12\">\n\t<h2><a href=\"https:\/\/www.dudda-autoteile.de\/\" target=\"_blank\" rel=\"noopener\">Dudda Autoteile - Ihr Spezialist f\u00fcr Autoteile in Preetz!<\/a><\/h2><p>Wir haben eine gro\u00dfe Auswahl an Autoteilen, Zubeh\u00f6rartikeln, Werkzeugen, Kugellagern und Keilriemen in Markenqualit\u00e4t f\u00fchrender Teilehersteller in unserem Laden in Preetz auf Vorrat. Neben dem Verkauf zahlreicher Artikel, bieten wir auch Anh\u00e4nger zur Miete an.<\/p><\/div>\n<\/div>\n\n<div class=\"fw-row\">\n\t<div class=\"fw-col-xs-12\">\n\t\n\t<div class=\"fw-divider-space\" style=\"padding-top: 50px;\"><\/div>\n<\/div>\n<\/div>\n\n<div class=\"fw-row\">\n\t<div class=\"fw-col-xs-12\">\n\t<img loading=\"lazy\" decoding=\"async\" src=\"https:\/\/xn--sus-hhndorf-gdersdorf-leci.de\/wp-content\/uploads\/2025\/02\/Ihr-Dienstleister-fuer-Haus-Bau-u.-Garten-600x170.png\" alt=\"Ihr Dienstleister\" width=\"600\" height=\"170\" \/><\/div>\n<\/div>\n\n<div class=\"fw-row\">\n\t<div class=\"fw-col-xs-12\">\n\t<h2>Ihr Dienstleister f\u00fcr Hausbau und Garten(Inhaber: Gaylord Ruczynski)<\/h2><p>Unser Unternehmen besteht seit 2008 und umfasst 1-3 Mitarbeiter, wobei der Inhaber selbst aktiv mitarbeitet. Der Firmensitz befindet sich in Sch\u00f6nberg. Bei gr\u00f6\u00dferen Auftr\u00e4gen arbeite ich mit anderen Selbst\u00e4ndigen zusammen.<\/p><p>Unsere Leistungen im \u00dcberblick:<\/p><ul><li>Trockenbau (Dachausbau, Decken, W\u00e4nde, Brandschutz)<\/li><li>Abbrucharbeiten<\/li><li>Renovierungsarbeiten (Streicharbeiten, Laminat, PVC)<\/li><li>Gartenarbeiten (Jahrespflege, Saisonpflege, Heckenschnitt, Schredderarbeiten)<\/li><li>Montagearbeiten (Fenster, T\u00fcren, Carports, Zaunmontage aus Holz und Metall)<\/li><li>Entr\u00fcmpelungen aller Art<\/li><li>Kleintransporte und Umz\u00fcge<\/li><\/ul><p>F\u00fcr Fragen und Angebote schicken Sie eine E-Mail oder rufen Sie uns einfach an. Wir stehen Ihnen gerne zur Verf\u00fcgung!<\/p><p>Ihr Dienstleister f\u00fcr Hausbau und Garten<br \/>Am Pastorenbrook 3<br \/>24217 Sch\u00f6nberg<\/p><p>Tel.: 04344 \/ 3838693<br \/>Mobil: 0179 \/ 5374529<br \/>E-Mail: Ihr.Dienstleister.Ruczynski@gmail.com<\/p><\/div>\n<\/div>\n\n<div class=\"fw-row\">\n\t<div class=\"fw-col-xs-12\">\n\t\n\t<div class=\"fw-divider-space\" style=\"padding-top: 50px;\"><\/div>\n<\/div>\n<\/div>\n\n<div class=\"fw-row\">\n\t<div class=\"fw-col-xs-12\">\n\t<img loading=\"lazy\" decoding=\"async\" src=\"https:\/\/xn--sus-hhndorf-gdersdorf-leci.de\/wp-content\/uploads\/2025\/02\/Heise-Hinten-1-400x270.png\" alt=\"Heise\" width=\"400\" height=\"270\" \/><\/div>\n<\/div>\n\n<div class=\"fw-row\">\n\t<div class=\"fw-col-xs-12\">\n\t<h2><a href=\"https:\/\/www.dachdeckerei-heise.de\" target=\"_blank\" rel=\"noopener\">Dachdeckerei Heise<\/a><\/h2><p>Dachdeckerei Heise<br \/>Seit mehr als 160 Jahren sind wir ihr Ansprechpartner rund um Flachdach, Fassade, Blitzschutz &amp; Erdung.<br \/>Gr\u00fcndach, Fotovoltaik, Balkonsanierung, Reparaturen sowie Dach-Wartung runden unser gesamt Portfolio ab.<br \/>Bei uns ist Nachhaltigkeit &amp; \u00d6kologie ein wichtiger Teil unserer Unternehmensphilosphie.<br \/>Wir bieten das kompetente Beratungs- und Umsetzungs know-how aus unserem Dach-Handwerk f\u00fcr moderne Flachd\u00e4cher, Gr\u00fcnd\u00e4cher, Photovoltaik, Blitzschutz- und Erdungsanlagen sowie Wartungs-Service, Reparatur und Sanierung.<\/p><p>Wirtschaftliches Handeln im Einklang mit unserer \u00f6kologischen und sozialen Verantwortung als Verpflichtung gegen\u00fcber jetzigen und k\u00fcnftigen Generationen.<\/p><p>Adresse: Grasweg 35, 24118 Kiel<br \/>Telefon: 0431 54363<br \/>E-Mail: info@dachdeckerei-heise.de<br \/>Website: <a href=\"https:\/\/www.dachdeckerei-heise.de\/\" target=\"_blank\" rel=\"noopener\">dachdeckerei-heise.de<\/a><\/p><\/div>\n<\/div>\n\n<div class=\"fw-row\">\n\t<div class=\"fw-col-xs-12\">\n\t\n\t<div class=\"fw-divider-space\" style=\"padding-top: 50px;\"><\/div>\n<\/div>\n<\/div>\n\n<div class=\"fw-row\">\n\t<div class=\"fw-col-xs-12\">\n\t<img decoding=\"async\" src=\"\/\/xn--sus-hhndorf-gdersdorf-leci.de\/wp-content\/uploads\/2025\/02\/logo_ifcn_claim_white_box.jpg\" alt=\"\/\/xn--sus-hhndorf-gdersdorf-leci.de\/wp-content\/uploads\/2025\/02\/logo_ifcn_claim_white_box.jpg\" \/><\/div>\n<\/div>\n\n<div class=\"fw-row\">\n\t<div class=\"fw-col-xs-12\">\n\t<h2><a href=\"https:\/\/ifcndairy.org\/\" target=\"_blank\" rel=\"noopener\">IFCN<\/a><\/h2><p>Als f\u00fchrender Wissens- und Dienstleistungsanbieter konzentriert sich das IFCN auf Milchproduktion, Milchpreise und andere Themen rund um die Milchwirtschaft. Seine Wirtschaftsmodelle und Standardisierungsmethoden gew\u00e4hrleisten die Vergleichbarkeit zwischen L\u00e4ndern und liefern ein globales Bild mit regionalen Einblicken.<\/p><\/div>\n<\/div>\n\n<div class=\"fw-row\">\n\t<div class=\"fw-col-xs-12\">\n\t\n\t<div class=\"fw-divider-space\" style=\"padding-top: 50px;\"><\/div>\n<\/div>\n<\/div>\n\n<div class=\"fw-row\">\n\t<div class=\"fw-col-xs-12\">\n\t<img loading=\"lazy\" decoding=\"async\" src=\"https:\/\/xn--sus-hhndorf-gdersdorf-leci.de\/wp-content\/uploads\/2025\/02\/Exner-Schmidt-400x200.png\" alt=\"Exner &amp; Schmidt\" width=\"400\" height=\"200\" \/><\/div>\n<\/div>\n\n<div class=\"fw-row\">\n\t<div class=\"fw-col-xs-12\">\n\t<h2><a href=\"https:\/\/www.exner-schmidt.de\" target=\"_blank\" rel=\"noopener\">Exner Schmidt<\/a><\/h2><p>Wir bieten Ihnen alles aus einer Hand: Heizung, Sanit\u00e4r und Elektro.<\/p><p>Egal, ob Neubau, Umbau oder Modernisierung \u2013 wir sind rund um die Uhr f\u00fcr Sie da, auch im Notdienst.<\/p><p>Von der Planung bis zur Umsetzung begleiten wir Ihr Bauvorhaben, sei es ein neues Badezimmer oder eine moderne Heizungsanlage. Zudem \u00fcbernehmen wir die Wartung und Reparatur Ihrer Heizung \u2013 zuverl\u00e4ssig und durch geschultes Fachpersonal.<\/p><\/div>\n<\/div>\n\n<div class=\"fw-row\">\n\t<div class=\"fw-col-xs-12\">\n\t\n\t<div class=\"fw-divider-space\" style=\"padding-top: 50px;\"><\/div>\n<\/div>\n<\/div>\n\n<div class=\"fw-row\">\n\t<div class=\"fw-col-xs-12\">\n\t<img loading=\"lazy\" decoding=\"async\" src=\"https:\/\/xn--sus-hhndorf-gdersdorf-leci.de\/wp-content\/uploads\/2025\/02\/Makoben-650x140.png\" alt=\"Makoben\" width=\"650\" height=\"140\" \/><\/div>\n<\/div>\n\n<div class=\"fw-row\">\n\t<div class=\"fw-col-xs-12\">\n\t<h2><a href=\"https:\/\/www.makoben.de\/\" target=\"_blank\" rel=\"noopener\">Makoben<\/a><\/h2><p>Wir, die Makoben Karosserie- und Fahrzeugbau GmbH, sind ein traditionsreiches Unternehmen mit \u00fcber 135 Jahren Erfahrung im Karosserie- und Fahrzeugbau. Unser Schwerpunkt liegt auf der Fertigung individueller Nutzfahrzeugaufbauten, darunter Pritschen, Koffer- und Isolieraufbauten sowie Verkaufsfahrzeuge. Dar\u00fcber hinaus realisieren wir ma\u00dfgeschneiderte Sonderausbauten wie B\u00fccherbusse, Einsatzfahrzeuge und Behindertenumbauten. Qualit\u00e4t, Handarbeit und kundenorientierte L\u00f6sungen stehen bei uns an erster Stelle.<\/p><\/div>\n<\/div>\n\n<div class=\"fw-row\">\n\t<div class=\"fw-col-xs-12\">\n\t\n\t<div class=\"fw-divider-space\" style=\"padding-top: 50px;\"><\/div>\n<\/div>\n<\/div>\n\n<div class=\"fw-row\">\n\t<div class=\"fw-col-xs-12\">\n\t<img loading=\"lazy\" decoding=\"async\" src=\"https:\/\/xn--sus-hhndorf-gdersdorf-leci.de\/wp-content\/uploads\/2025\/02\/Barun-600x150.png\" alt=\"Showtechnik Braun\" width=\"600\" height=\"150\" \/><\/div>\n<\/div>\n\n<div class=\"fw-row\">\n\t<div class=\"fw-col-xs-12\">\n\t<h2><a href=\"http:\/\/www.showtechnik-braun.de\/\" target=\"_blank\" rel=\"noopener\">Showtechnik Braun<\/a><\/h2><p>Showtechnik Braun ist Ihr zuverl\u00e4ssiger Full-Service-Partner im Veranstaltungsbereich. Als erfahrener und flexibler Partner setzen wir Ihre W\u00fcnsche um. Bei unserem inhabergef\u00fchrten Unternehmen erhalten Sie hochklassigen und umfangreichen Service: Von der ersten Vorbesprechung bis zum Abr\u00e4umen des letzten Scheinwerfers.<\/p><p>Die F\u00e4higkeit zu vernetzen, zu koordinieren und fokussiert die geforderte Aufgabenstellung umzusetzen, zeichnet uns aus.<\/p>\n\t<div class=\"fw-divider-space\" style=\"padding-top: 50px;\"><\/div>\n<\/div>\n<\/div>\n\n<div class=\"fw-row\">\n\t<div class=\"fw-col-xs-12\">\n\t<img loading=\"lazy\" decoding=\"async\" src=\"https:\/\/xn--sus-hhndorf-gdersdorf-leci.de\/wp-content\/uploads\/2025\/05\/Logo_200x200-removebg-preview-200x200.png\" alt=\"https:\/\/xn--sus-hhndorf-gdersdorf-leci.de\/wp-content\/uploads\/2025\/05\/Logo_200x200-removebg-preview-200x200.png\" width=\"200\" height=\"200\" \/><\/div>\n<\/div>\n\n<div class=\"fw-row\">\n\t<div class=\"fw-col-xs-12\">\n\t<h2><a href=\"https:\/\/harmonie-korten.de\/\" target=\"_blank\" rel=\"noopener\">Pflegedienst Harmonie<\/a><\/h2><p>Der Pflegedienst Harmonie ist ein Unternehmen der Alten- und Krankenpflege in Sch\u00f6nberg\/Holstein.<\/p><p>Der Service umfasst neben der Pflege und der medizinischen Versorgung auch andere Hilfen und Leistungen, welche unsere Kunden bei der Bew\u00e4ltigung des Alltags unterst\u00fctzen kann.<\/p><p>&nbsp;<\/p><\/div>\n<\/div>\n\n<div class=\"fw-row\">\n\t<div class=\"fw-col-xs-12\">\n\t\n\t<div class=\"fw-divider-space\" style=\"padding-top: 50px;\"><\/div>\n<\/div>\n<\/div>\n\n<div class=\"fw-row\">\n\t<div class=\"fw-col-xs-12\">\n\t<img loading=\"lazy\" decoding=\"async\" src=\"https:\/\/xn--sus-hhndorf-gdersdorf-leci.de\/wp-content\/uploads\/2026\/03\/ibl-400x200.jpg\" alt=\"https:\/\/xn--sus-hhndorf-gdersdorf-leci.de\/wp-content\/uploads\/2026\/03\/ibl-400x200.jpg\" width=\"400\" height=\"200\" \/><\/div>\n<\/div>\n\n<div class=\"fw-row\">\n\t<div class=\"fw-col-xs-12\">\n\t<h2><a href=\"https:\/\/www.ib-levsen.de\/\" target=\"_blank\" rel=\"noopener\">Ingenieurb\u00fcro Levsen<\/a><\/h2><p>Wir betreuen s\u00e4mtliche Tiefbauma\u00dfnahmen rund um den Stra\u00dfen- und Kanalbau. Von der Grundlagenermittlung bis zur Dokumentation.<\/p><p>Unser Selbstverst\u00e4ndnis: Wir sind ein kleines und daher enorm flexibles Team. Unsere Qualit\u00e4ten: Wir sind fachlich hoch qualifiziert. Technisch auf dem neuesten Stand. Und ausgestattet mit allen Merkmalen alter Ingenieurs-Tugenden \u2013 wie Sorgfalt, Termintreue und Verl\u00e4sslichkeit.<\/p><\/div>\n<\/div>\n\n\t<\/div>\n<\/section>\n\n","protected":false},"excerpt":{"rendered":"<p>HundKatzeSchmaus ist Spezialistin f\u00fcr artgerechte Tiernahrung in SchwartbuckWir beraten Hunde- und Katzenbesitzer zum Thema Futter. Denn leider wird in der Futtermittelbranche viel zu viel Schindluder getrieben. Und dies auf Kosten der Gesundheit unserer geliebten Vierbeiner. Dies wollen wir durch artgerechtes und hochwertiges Hunde- und Katzenfutter \u00e4ndern.HundKatzeSchmausBirkenweg 424257 SchwartbuckHundKatzeSchmaus.com Dudda Autoteile &#8211; Ihr Spezialist f\u00fcr Autoteile [&hellip;]<\/p>\n","protected":false},"author":1,"featured_media":0,"parent":0,"menu_order":0,"comment_status":"closed","ping_status":"closed","template":"","meta":{"om_disable_all_campaigns":false,"_monsterinsights_skip_tracking":false,"_monsterinsights_sitenote_active":false,"_monsterinsights_sitenote_note":"","_monsterinsights_sitenote_category":0,"footnotes":""},"aioseo_notices":[],"_links":{"self":[{"href":"https:\/\/xn--sus-hhndorf-gdersdorf-leci.de\/index.php?rest_route=\/wp\/v2\/pages\/146"}],"collection":[{"href":"https:\/\/xn--sus-hhndorf-gdersdorf-leci.de\/index.php?rest_route=\/wp\/v2\/pages"}],"about":[{"href":"https:\/\/xn--sus-hhndorf-gdersdorf-leci.de\/index.php?rest_route=\/wp\/v2\/types\/page"}],"author":[{"embeddable":true,"href":"https:\/\/xn--sus-hhndorf-gdersdorf-leci.de\/index.php?rest_route=\/wp\/v2\/users\/1"}],"replies":[{"embeddable":true,"href":"https:\/\/xn--sus-hhndorf-gdersdorf-leci.de\/index.php?rest_route=%2Fwp%2Fv2%2Fcomments&post=146"}],"version-history":[{"count":61,"href":"https:\/\/xn--sus-hhndorf-gdersdorf-leci.de\/index.php?rest_route=\/wp\/v2\/pages\/146\/revisions"}],"predecessor-version":[{"id":1092,"href":"https:\/\/xn--sus-hhndorf-gdersdorf-leci.de\/index.php?rest_route=\/wp\/v2\/pages\/146\/revisions\/1092"}],"wp:attachment":[{"href":"https:\/\/xn--sus-hhndorf-gdersdorf-leci.de\/index.php?rest_route=%2Fwp%2Fv2%2Fmedia&parent=146"}],"curies":[{"name":"wp","href":"https:\/\/api.w.org\/{rel}","templated":true}]}}